+ 374 + b**3 + 153 + 9*b - 22*b + 11*b. List the prime factors of u(0).
17, 31
Let z = 133 + -131. Suppose 4*y + 2*n - 90 = 2734, z*n + 696 = y. List the prime factors of y.
2, 11
Suppose -11 = -5*v + 3*z, -v + z = 6*z - 19. Let x be (-2)/(-8) + 0 + (-81)/v. Let w = 55 + x. What are the prime factors of w?
5, 7
Let j(m) = m**2 - 2*m + 4. Let h be j(0). Let s be ((-6)/8)/((-1)/16*h). Let i = s + 45. What are the prime factors of i?
2, 3
Let r(g) = -46*g**3 - 4*g**2 - 64*g - 212. What are the prime factors of r(-5)?
2, 2879
Let w(k) = 302*k**2 + 7*k + 68. List the prime factors of w(-5).
7583
Let f(m) = 929*m**2 + 24*m - 120. List the prime factors of f(4).
2, 5, 7, 53
Let p be (-13)/(-13)*(1 - -26)/3. List the prime factors of (-2004)/(-2) + -3 + (p - 11).
997
Suppose 0 = 3*x + 1325 + 301. Let u = -186 - x. Let r = u - 210. What are the prime factors of r?
2, 73
Suppose -175*j - 22989 = -2551389. List the prime factors of j.
2, 3, 7, 43
Suppose -4*s = -8*s + 8. Suppose 12 = s*f - 16. Suppose f*q = q + 1378. List the prime factors of q.
2, 53
Let g(t) = -489*t - 1747. List the prime factors of g(-10).
7, 449
Suppose 44530 + 433776 = 137*q - 1401882. List the prime factors of q.
2, 47, 73
Let r(s) = s**3 - 10*s**2 - 5. Let z be r(10). Let u be z/((135/6)/(-9)). Suppose 3*f + 7*b - u*b - 344 = 0, 0 = -3*b + 3. What are the prime factors of f?
113
List the prime factors of 5 + 3596/8 - (-9)/6.
2, 3, 19
Suppose 0*u + 2*t - 86 = -4*u, -57 = -3*u - 3*t. List the prime factors of 1/((-18)/(-5745)) + (-4)/u.
11, 29
Suppose -3877 + 445 = -6*f. Suppose 2*u = f + 136. List the prime factors of u.
2, 3, 59
Let m = 396 - 61. Let k = -204 + m. What are the prime factors of k?
131
Let d(q) = -7108*q + 831. List the prime factors of d(-7).
50587
Let c(x) = 1 + 38 - 3 - 37*x. What are the prime factors of c(-6)?
2, 3, 43
Suppose 104 = p + 118. Let r(b) = -b**3 - 5*b**2 + 99*b + 12. List the prime factors of r(p).
2, 3, 5, 13
Let d = -15 + 10. Let s be 5 - (-22 - 3)/d. Suppose -3*m - 2*j + 0*j + 252 = s, -2*m - 3*j = -173. What are the prime factors of m?
2, 41
Let m(a) = a**2 + 6*a + 8. Let y be m(-8). Let n be 170/8 - 6/y - 1. Suppose 0 = -n*t + 8*t + 240. What are the prime factors of t?
2, 5
Let i(s) = -8*s**2 + 18*s + 155. Let u be i(-6). Let m = u + 1179. List the prime factors of m.
2, 7, 67
Let k(m) = -2102*m**3 - 3*m**2 - 6*m - 3. List the prime factors of k(-1).
2, 1051
Suppose -3*t + 62586 = 5*d - 4*d, d = -2*t + 41726. List the prime factors of t.
2, 5, 7, 149
Suppose 19 = g + 14. Suppose -2*h = 10, -g*h - 129 = -4*m - 8*h. List the prime factors of m.
2, 3
Suppose -4*i - 6542 = 5*z - 61040, -5*z + 13647 = i. What are the prime factors of i?
3, 17, 89
Let c(j) = -39*j + 97. Suppose 4*d = -103 + 19. What are the prime factors of c(d)?
2, 229
Suppose 0 = -3*l + 6*l + 5*c - 725, 0 = -5*l + 5*c + 1155. Suppose 7*u + 4 - l = 0. List the prime factors of u.
3, 11
Let t(q) = 175*q**2 + 18*q - 61. List the prime factors of t(-10).
3, 11, 523
Let l(j) = 20*j**2 + 10*j - 2. Let a(i) = 20*i**2 + 10*i - 3. Let k(n) = -3*a(n) + 4*l(n). List the prime factors of k(4).
19
Let b be ((-168)/27 - -6) + 6/27. Suppose b = -56*a + 49*a + 4046. List the prime factors of a.
2, 17
Suppose -23*c + 111438 = 3*r - 24*c, -2*r + 2*c + 74304 = 0. What are the prime factors of r?
3, 4127
Let s = 29148 + 7999. What are the prime factors of s?
11, 307
Suppose -4*k + x - 2*x + 3 = 0, 4*k - 28 = 4*x. Let q = 152 - 161. List the prime factors of 9/(-27) - (k - (-1155)/q).
2, 3, 7
Suppose 9*y - 4*y = t - 30, -2*y - 10 = 0. Suppose -34*p + 33*p + 4*n + 774 = 0, 4*p + t*n = 3180. List the prime factors of p.
2, 5, 79
Let b(x) = 2*x**2 + 46*x + 14. Let d be b(-29). Let w(g) = -g - 4. Let m be w(-7). Suppose -4*p + d = 3*o, -m*p - 2*o + 364 = p. List the prime factors of p.
2, 23
Let r(t) = t**2 - 4*t - 36. Let h be r(8). List the prime factors of (-14)/h*25014/77.
3, 379
Suppose a - 4*a + 381 = 0. Suppose -53 = -3*f + a. Suppose 2*m - m + f = c, -5*c + 280 = -m. List the prime factors of c.
5, 11
Suppose -43 = 4*j + 41. Let r be 56/j + 2 + (-152)/6. Let p = -4 - r. List the prime factors of p.
2, 11
Let f(h) = h + 1. Let t(o) = -22*o - 10. Let i(y) = f(y) + t(y). Let d(q) = -q**3 + 11*q**2 + q - 14. Let j be d(11). List the prime factors of i(j).
2, 3
Let f(j) = -24*j + 11. Suppose -49 = 5*v - 9. Let w be f(v). Let i = w + 46. List the prime factors of i.
3, 83
Let r(a) = -2235*a - 354. What are the prime factors of r(-5)?
3, 3607
Let s(i) = -i + 7. Suppose -30 = 5*w - 5*c, 28 = -3*w - c + 2. Let n be s(w). Let t = n - 1. What are the prime factors of t?
2, 7
Suppose u = 3*u - q - 3, 4*u - 12 = 4*q. Suppose u = 6*z + 4*z - 3*z. Suppose -6*l + 9*l - 279 = z. List the prime factors of l.
3, 31
Let a(y) = -151*y + 574. What are the prime factors of a(-3)?
13, 79
Suppose 4*a - 11059 = 5*x + 3788, 0 = 7*a + 2*x - 25907. List the prime factors of a.
7, 23
Let j(y) = 5*y**2 + 56*y + 22. Let q be j(-11). Suppose 0 = q*z - 6*z - 125. What are the prime factors of z?
5
Suppose -89*w = 90*w - 194*w + 870870. List the prime factors of w.
2, 7, 11, 13, 29
Suppose 295207 = 28*i + 14*i - 708971. What are the prime factors of i?
23909
Let z be ((-223209)/(-24) - -2) + 81/(-216). Suppose 5*o - z = 3*v, -3040 - 2538 = -3*o + 5*v. List the prime factors of o.
1861
Let l(u) = u**2 + 17*u - 17. Let d be l(-18). Suppose b - 5 - d = 0. Suppose -b*k + 124 = -110. What are the prime factors of k?
3, 13
Let a be ((-18)/(-21))/(4 + 26/(-7)). Suppose -552 = -4*b - 4*u, -a*u - 142 = 2*b - 3*b. List the prime factors of b.
139
Suppose 2*d - 5*p - 64 = -13, 15 = -3*p. Let m(l) = l**2 - 13*l + 11. Let s be m(d). Let h = 67 + s. List the prime factors of h.
2, 3, 13
Suppose -r + 90 = 5*j + 33, j - 3*r = 21. Suppose t - v = 2, 3*t = -v + 2 + j. Suppose 2*f - 97 = -g, t*g - 2*f + 7*f = 385. List the prime factors of g.
5, 19
Suppose 0 = -2*c + a + 37668, 4*c + 9*a - 13*a - 75352 = 0. What are the prime factors of c?
2, 5, 7, 269
Let y(h) = 364*h + 14397. What are the prime factors of y(134)?
11, 5743
Let j = -3336 + 4311. What are the prime factors of j?
3, 5, 13
Suppose -291*p + 376*p - 1062500 = 0. What are the prime factors of p?
2, 5
Let k be (-112)/(-18) + 2/(-9). Let r(v) = -v**2 + 6*v - 2. Let i be r(k). List the prime factors of 333*(i - (-40)/15).
2, 3, 37
Suppose -f + 0*f - 220 = a, -2*a + 428 = -2*f. Let g = f + 553. What are the prime factors of g?
2, 3, 7
Let p = 148 + 19447. What are the prime factors of p?
5, 3919
Let w = 4732 + -2752. Let f = w - 532. List the prime factors of f.
2, 181
Let y be 0 + 1 + -6 + 11 + -2. Suppose -24*q + 23*q - 4*z + 1085 = 0, 1101 = q - y*z. What are the prime factors of q?
1093
Let p(f) be the second derivative of f**4/6 - 3*f**3 + 16*f**2 + 22*f. Let z be p(10). Let o = 150 - z. List the prime factors of o.
2, 7
What are the prime factors of (-24 - (-16 - -11))*1*-22?
2, 11, 19
Let c(d) = -64*d**3 + d**2. Let m be c(-2). Suppose -2*s + 248 = -m. List the prime factors of s.
2, 191
Let i(v) = -v**2 - 13*v + 1. Let y be i(0). List the prime factors of 7 + -7 + (-1 - y)*-361.
2, 19
Suppose 21*y - 494070 = 21291. What are the prime factors of y?
11, 23, 97
Let t = 3773 + 3241. What are the prime factors of t?
2, 3, 7, 167
Let v = -5794 - -9184. List the prime factors of v.
2, 3, 5, 113
Let x(q) = 1. Let z(o) = 5*o**2 - 6*o - 17. Let b(t) = -5*x(t) + z(t). What are the prime factors of b(-7)?
5, 53
Suppose -3086 = -3*f - v, 1086 = 2*f + 3*v - 969. Suppose -q = 2*s - 359, -5*q + 4*s + 710 + f = 0. Let b = q - 171. List the prime factors of b.
2, 3, 5
Let y(c) = c**2 + 14*c + 13. Let d be y(-13). Suppose 2*j - 5*b = 1599, d*j - j + 3*b = -800. List the prime factors of j.
797
Suppose -111*f = -2*c - 116*f + 49559, 5*c + 2*f = 123971. What are the prime factors of c?
137, 181
Suppose 14*t - 10*t - 3482 = -2*m, 0 = 4*t - 4. What are the prime factors of m?
37, 47
Let b(o) be the second derivative of -1/6*o**4 + 4/3*o**3 - o + 3/2*o**2 + 0 - 1/20*o**5. List the prime factors of b(-6).
3, 11
Suppose -5*n - 5 = -15. Suppose 4*z - 3*z = -2*h + 128, -n*z - h = -268. Let d = 334 - z. What are the prime factors of d?
2, 3, 11
Let s be 11/((-176)/(-24))*12*-1. Let t(j) = -j**3 - 14*j**2 + 